nder when (2 + 1*-110)*-1 is divided by s.
24
Let j be (-1)/((4/96*-3)/1). Calculate the remainder when 17/(306/1232) - j/18 is divided by 23.
22
Let z = 46 + 51. Let w = 113 - z. Calculate the remainder when 88 is divided by w.
8
Suppose -417 - 327 = -8*f. Let v be (-40)/220 - 57/(-11). Suppose c = -v*z + 31 + 8, -c - 4*z + 36 = 0. What is the remainder when f is divided by c?
21
Let m = 10425 - 10417. Let q(v) = -v**2 + 20*v - 7. What is the remainder when q(17) is divided by m?
4
Let v(r) = r**2 + r - 1. Suppose 12*z - 32 - 4 = 0. Suppose -2*l + 0*l - z*c = -55, 5*l + c - 144 = 0. What is the remainder when l is divided by v(2)?
4
Let y = 339 - 327. Suppose y*z = 23*z - 1078. Calculate the remainder when z is divided by 31.
5
Suppose -262 = -11*z + 1003. Let f = -51 + z. Calculate the remainder when f is divided by 25.
14
Let v(m) = m**3 + 30*m**2 - 803*m - 17. What is the remainder when v(-47) is divided by 22?
17
Suppose 976*o = 984*o - 5496. Let a = o - 685. Calculate the remainder when 8 is divided by a.
0
Let z = -316 + 307. What is the remainder when 1320/16 - z/6 is divided by 22?
18
Let w be (-2 - -6) + 718/(-1). Let v = -709 - w. What is the remainder when 324 is divided by v?
4
What is the remainder when 1119 is divided by 26/221 + (-270)/(-17)?
15
Let g = 6228 + -5970. Calculate the remainder when 1013 is divided by g.
239
Let q be ((-6)/10 - (-220)/(-50)) + 209. Suppose 0 = -4*l + 5*j + q, 73*j = -2*l + 76*j + 104. Calculate the remainder when 458 is divided by l.
44
Suppose -561*v + 578*v - 2516 = 0. What is the remainder when 2955 is divided by v?
143
Let t be 0*(2/4 - 0). Let d be -3 + 2 + t + (3 - -1). Suppose 23 = g - d*j, g - 4*j = j + 33. What is the remainder when g is divided by 5?
3
Let s be 6/9 + 40/12. Let o = -134 + 270. Suppose -k - l - o = -4*k, -198 = -s*k - 2*l. What is the remainder when k is divided by 24?
23
Let l = -11908 - -13507. Calculate the remainder when l is divided by 32.
31
Suppose -73*n = -74*n + 42. Let v = -37 + n. Calculate the remainder when 31 is divided by v.
1
Suppose -4*v = -4*t - 492, t = 3*v - 3*t - 369. Calculate the remainder when 329 is divided by v.
83
Let t(y) = 632*y - 1682. What is the remainder when t(3) is divided by 7?
4
Suppose 9133*l - 8998*l = 438885. Calculate the remainder when l is divided by 23.
8
Suppose 7*o - 4*o + 3*x + 93 = 0, 3*o + 5*x = -101. Let v = 45 + o. Suppose -13 = -4*p + 3*p. What is the remainder when v is divided by p?
5
Let n = 41 - 41. Suppose 51*h - 54*h - 252 = n. Let t = h + 143. What is the remainder when t is divided by 12?
11
Suppose -4*g + 2*x = -14, 4*g - 7*x + 8*x = 29. Let p(y) = -4*y**2 + 2*y**2 + y**2 - 3 + 8*y. What is the remainder when p(g) is divided by 3?
0
Let n be (-94)/16 - 35/280. What is the remainder when 152*4*n/(-24) is divided by 53?
46
Let b = -960 + 1033. Let v(m) = m**2 + 5*m + 15. What is the remainder when b is divided by v(-8)?
34
Let h(a) = -a**3 + 11*a**2 + 13*a - 38. Let c be h(11). Let f = c + -37. What is the remainder when 136 is divided by f?
0
Suppose -25*n + 1751 = -11274. Calculate the remainder when n is divided by 169.
14
Suppose -5*o + o - 8 = 0, 0 = 2*f + 5*o - 52. Suppose p + 15*m - 15 = 16*m, 0 = -4*m - 20. Calculate the remainder when f is divided by p.
1
Let d be ((-9)/(-6))/(1 + (-87)/96). Let b be (-33)/(-88) + (-566)/d. Let v = 45 + b. Calculate the remainder when 47 is divided by v.
7
Let v = -25 + 27. Let j be (((-5)/1)/5)/(v/(-42)). Calculate the remainder when 744/j + (-12)/28 is divided by 11.
2
Suppose 3*h = 4*j - 315, -3*h = 3*j - 4*h - 235. Suppose -j = -2*r + 18. What is the remainder when r is divided by 4?
0
Let o = -5519 - -9018. What is the remainder when o is divided by 15?
4
Suppose 0 = 29*r - 97*r + 1156. What is the remainder when 458 is divided by r?
16
Suppose 17*q - 186 = 14*q. Let b(o) = -o**2 - 86*o - 586. What is the remainder when b(-75) is divided by q?
53
Suppose -5*i + 702 = 2*z, -704 = -5*i - 8*z + 4*z. Suppose i = 3*o - 34. What is the remainder when o is divided by 21?
16
Let q(p) = p + 5. Suppose -19*j - 45 = -22*j. What is the remainder when q(j) is divided by 3?
2
What is the remainder when ((-1764)/1029)/((-3)/112) is divided by 29?
6
Let w(i) = 77*i**2 + i. Let g be ((-34)/6 + 6)*12 - 0. Suppose 2*n + 4*r = -21 + 37, 5*r - 44 = -g*n. What is the remainder when w(1) is divided by n?
14
Let g(p) be the third derivative of p**6/120 + 9*p**5/10 + 199*p**4/24 + 16*p**3/3 + 31*p**2. What is the remainder when 488 is divided by g(-50)?
78
Let f = -4946 - -5269. Calculate the remainder when f is divided by 7.
1
Suppose 4*i + 186*f - 193*f - 1309 = 0, 3*i = -f + 938. Calculate the remainder when 1143 is divided by i.
198
Let j be (-114)/(-95)*10/4. Suppose j*s = -97 + 346. Calculate the remainder when s is divided by (1 - 0)*(12 + 0).
11
Suppose -22871 = -9*i - 20837. Calculate the remainder when i is divided by 54.
10
Let v(i) be the first derivative of -6*i**2 + 21*i - 28. Let t be v(-5). Suppose 15*c - t = 12*c. What is the remainder when 132 is divided by c?
24
Let s(v) = -v**3 + 18*v**2 - 32*v + 3. Let c be s(16). Let j be 2 + (-3 - (-2 - c) - 8). Calculate the remainder when -1 + 19 + 3 + j is divided by 3.
2
Suppose 4*x - 227 - 141 = 0. What is the remainder when x is divided by (-1776)/(-72) + (-4)/6 + 2?
14
Let k = 2777 - 854. Calculate the remainder when k is divided by 41.
37
Let f = 21000 - 20990. Calculate the remainder when 4328 is divided by f.
8
Let p be 1/(-4)*1 + (-3147)/(-12). Let j = 287 - p. Suppose -5*r = -10, -5*m = -r - 4*r - 600. Calculate the remainder when m is divided by j.
22
Let b = -41 - -69. Suppose 56*m - 1880 - 1676 = 700. Calculate the remainder when m is divided by b.
20
Calculate the remainder when (-16)/(-40) - 59579/(-65) is divided by 4.
1
Let g(r) = 32*r + 26. Let a be g(1). Suppose -74 = -5*t - 3*p, -2*p + a = 4*t - 0*t. Let v(x) = 8*x - 5. What is the remainder when v(5) is divided by t?
9
Suppose -4*u - 26 = -2*o, u = -5*o + 6*u + 60. Suppose -5*p - x - 311 = 0, 0 = x - 2 + 3. Let w = -9 - p. Calculate the remainder when w is divided by o.
9
Let d = 25 + -4. Suppose 0 = 3173*g - 3210*g + 7696. Calculate the remainder when g is divided by d.
19
Suppose 3*y = 5*b - 3480, 0 = -2*b + 2*y + 299 + 1089. Calculate the remainder when b is divided by 140.
139
Let g(t) be the third derivative of 3*t**6/20 + t**5/60 - t**4/24 - 78*t**2 + 2*t. What is the remainder when 34 is divided by g(1)?
16
Let w = 19 - -43. Let y = w + -32. Calculate the remainder when 178 is divided by y.
28
Let q(c) = 8*c**2 - 3*c. Let l be q(4). Let f = -91 + l. What is the remainder when 118 is divided by f?
18
Let y = 359 + -85. Suppose -w - w = -y. Let f = -7 - -54. Calculate the remainder when w is divided by f.
43
Let i = 1787 + -1740. Calculate the remainder when 1874 is divided by i.
41
Suppose 4*v - 2*n = 282, 17*n - 20*n - 3 = 0. What is the remainder when 201 is divided by v?
61
Suppose 0 = 2*n + 3*f - 19, 2*f + 3*f = -2*n + 17. What is the remainder when ((-6)/33 - (-3302)/(-715))/((-18)/405) is divided by n?
9
Suppose 5*x + 0*x + 260 = 5*l, -x = -3*l + 148. Suppose 452 = 3*p + 392. Suppose d - p*d + 247 = 0. What is the remainder when l is divided by d?
9
Suppose -96*b = 3172 - 10660. Calculate the remainder when 378 is divided by b.
66
Let t = 14 - -67. Suppose 31*z = 44 + 49. Calculate the remainder when t is divided by z.
0
Let z be 8/6*(-4)/(-64)*12. Calculate the remainder when (z - -248)*(-2 + (-49)/(-21)) is divided by 17.
15
Let t be 4/12*-2*-9*41. Suppose -2*a = -158 - t. What is the remainder when a is divided by 51?
49
Let c(v) = 98*v - 4. Suppose 8*f - 9*f = -2. Let s be c(f). Let p = s - 122. Calculate the remainder when p is divided by 24.
22
Suppose 33*j + 3*q + 21 = 36*j, q - 1 = 0. What is the remainder when 375 is divided by j?
7
Let x be 19720/44 + (-26)/143. Let m = -411 + x. What is the remainder when 76 is divided by m?
2
Suppose -4*t = 5*j - 2692, 42*t - j - 3336 = 37*t. Calculate the remainder when t is divided by 131.
13
Let m(p) = -p**2 - 5*p + 8. Let f be m(-6). Let q be 164*(1/1)/f. Let b = 5 + q. Calculate the remainder when b is divided by 22.
21
Let n(q) = 525*q - 1530. Calculate the remainder when 135 is divided by n(3).
